d by 15690?
9
What is the remainder when 111613 is divided by 211?
205
Calculate the remainder when 345502 is divided by 43.
40
What is the remainder when 8539 is divided by 9?
7
What is the remainder when 6605 is divided by 6605?
0
Calculate the remainder when 1771 is divided by 714.
343
What is the remainder when 18082 is divided by 386?
326
What is the remainder when 99890 is divided by 452?
450
What is the remainder when 3789 is divided by 62?
7
Calculate the remainder when 437529 is divided by 463.
457
Calculate the remainder when 302797 is divided by 60557.
12
What is the remainder when 1832 is divided by 600?
32
What is the remainder when 271283 is divided by 254?
11
What is the remainder when 9870 is divided by 39?
3
Calculate the remainder when 1754293 is divided by 206.
203
Calculate the remainder when 16947 is divided by 8460.
27
Calculate the remainder when 15583 is divided by 339.
328
What is the remainder when 47250 is divided by 57?
54
Calculate the remainder when 107469 is divided by 50.
19
Calculate the remainder when 91695 is divided by 16.
15
Calculate the remainder when 1622 is divided by 609.
404
Calculate the remainder when 2650559 is divided by 16.
15
Calculate the remainder when 229 is divided by 45.
4
What is the remainder when 11734 is divided by 175?
9
Calculate the remainder when 2400 is divided by 399.
6
What is the remainder when 1078029 is divided by 64?
13
Calculate the remainder when 116 is divided by 111.
5
Calculate the remainder when 184723 is divided by 9.
7
Calculate the remainder when 3368721 is divided by 164.
161
What is the remainder when 8961 is divided by 426?
15
Calculate the remainder when 1717 is divided by 675.
367
What is the remainder when 5502 is divided by 50?
2
What is the remainder when 27706 is divided by 445?
116
What is the remainder when 949 is divided by 444?
61
Calculate the remainder when 76549 is divided by 2550.
49
What is the remainder when 245317 is divided by 9435?
7
Calculate the remainder when 20114 is divided by 686.
220
What is the remainder when 1145 is divided by 382?
381
Calculate the remainder when 42 is divided by 18.
6
What is the remainder when 108974 is divided by 122?
28
What is the remainder when 1880 is divided by 156?
8
What is the remainder when 1724 is divided by 505?
209
What is the remainder when 81119 is divided by 47?
44
What is the remainder when 162492 is divided by 66?
0
Calculate the remainder when 35165 is divided by 17521.
123
What is the remainder when 231707 is divided by 263?
4
What is the remainder when 1119974 is divided by 1635?
1634
Calculate the remainder when 2551 is divided by 155.
71
What is the remainder when 121207 is divided by 527?
524
What is the remainder when 165982 is divided by 42?
40
What is the remainder when 368 is divided by 30?
8
What is the remainder when 1307 is divided by 1085?
222
What is the remainder when 352279 is divided by 14678?
7
Calculate the remainder when 271503 is divided by 187.
166
What is the remainder when 10015 is divided by 102?
19
Calculate the remainder when 72658 is divided by 20.
18
What is the remainder when 1329 is divided by 283?
197
Calculate the remainder when 1550 is divided by 1003.
547
What is the remainder when 73817 is divided by 64?
25
Calculate the remainder when 12076 is divided by 483.
1
What is the remainder when 8679 is divided by 457?
453
What is the remainder when 8068 is divided by 4025?
18
What is the remainder when 23776 is divided by 23690?
86
What is the remainder when 226245 is divided by 113114?
17
What is the remainder when 3189 is divided by 152?
149
What is the remainder when 102540 is divided by 431?
393
Calculate the remainder when 5200 is divided by 307.
288
Calculate the remainder when 5533 is divided by 354.
223
Calculate the remainder when 63465 is divided by 164.
161
Calculate the remainder when 10327 is divided by 123.
118
What is the remainder when 7259 is divided by 739?
608
Calculate the remainder when 10249 is divided by 2388.
697
What is the remainder when 59318 is divided by 209?
171
Calculate the remainder when 237626 is divided by 481.
12
Calculate the remainder when 175682 is divided by 14.
10
What is the remainder when 5141 is divided by 21?
17
What is the remainder when 123149 is divided by 61564?
21
Calculate the remainder when 3996 is divided by 879.
480
What is the remainder when 49516 is divided by 8252?
4
Calculate the remainder when 2767 is divided by 74.
29
Calculate the remainder when 100644 is divided by 25150.
44
Calculate the remainder when 17062 is divided by 10.
2
Calculate the remainder when 975 is divided by 16.
15
What is the remainder when 30932 is divided by 3436?
8
What is the remainder when 32920 is divided by 531?
529
What is the remainder when 263325 is divided by 170?
165
What is the remainder when 198516 is divided by 20?
16
Calculate the remainder when 4428 is divided by 296.
284
What is the remainder when 2106 is divided by 988?
130
What is the remainder when 17296 is divided by 967?
857
Calculate the remainder when 104166 is divided by 2170.
6
What is the remainder when 5825 is divided by 487?
468
What is the remainder when 54214 is divided by 1466?
1438
What is the remainder when 120980 is divided by 9?
2
What is the remainder when 16962 is divided by 10?
2
What is the remainder when 105651 is divided by 55?
51
Calculate the remainder when 1779 is divided by 23.
8
Calculate the remainder when 430869 is divided by 28724.
9
What is the remainder when 156736 is divided by 906?
904
Calculate the remainder when 2836 is divided by 469.
22
What is the remainder when 16580 is divided by 57?
50
What is the remainder when 59528 is divided by 4?
0
Calculate the remainder when 336508 is divided by 478.
474
Calculate the remainder when 18579 is divided by 119.
15
Calculate the remainder when 8235 is divided by 142.
141
What is the remainder when 6232 is divided by 441?
58
What is the remainder when 926 is divided by 83?
13
Calculate the remainder when 633 is divided by 540.
93
Calculate the remainder when 6923 is divided by 1728.
11
What is the remainder when 777 is divided by 112?
105
What is the remainder when 26872 is divided by 2221?
220
Calculate the remainder when 205886 is divided by 2.
0
Calculate the remainder when 2535 is divided by 642.
609
What is the remainder when 5920455 is divided by 1123?
1122
Calculate the remainder when 62250 is divided by 20742.
24
What is the remainder when 10704 is divided by 481?
122
Calculate the remainder when 2207 is divided by 2073.
134
Calculate the remainder when 773710 is divided by 9.
7
Calculate the remainder when 104240 is divided by 238.
234
What is the remainder when 4641 is divided by 26?
13
Calculate the remainder when 89823 is divided by 81.
75
Calculate the remainder when 188810 is divided by 259.
258
What is the remainder when 85013 is divided by 327?
320
What is the remainder when 93398 is divided by 100?
98
What is the remainder when 221142 is divided by 8?
6
Calculate the remainder when 48216 is divided by 16035.
111
What is the remainder when 114183 is divided by 41?
39
What is the remainder when 769904 is divided by 331?
329
What is the remainder when 2842553 is divided by 710636?
9
What is the remainder when 2544 is divided by 300?
144
What is the remainder when 46475 is divided by 479?
12
Calculate the remainder when 14299 is divided by 80.
59
Calculate the remainder when 58513 is divided by 20.
13
Calculate the remainder when 7196 is divided by 64.
28
What is the remainder when 64564 is divided by 16131?
40
Calculate the remainder when 6501 is divided by 50.
1
What is the remainder when 63498 is divided by 7930?
58
Calculate the remainder when 1463 is divided by 430.
173
Calculate the remainder when 2604 is divided by 63.
21
Calculate the remainder when 18193 is divided by 9094.
5
What is the remainder when 8381 is divided by 2773?
62
Calculate the remainder when 91622 is divided by 1224.
1046
What is the remainder when 2845 is divided by 216?
37
Calculate the remainder when 131382 is divided by 272.
6
Calculate the remainder when 19546 is divided by 148.
10
Calculate the remainder when 12948 is divided by 1216.
788
Calculate the remainder when 617 is divided by 288.
41
Ca